53.
3, 251
List the prime factors of 3618.
2, 3, 67
What are the prime factors of 919?
919
What are the prime factors of 123289?
123289
What are the prime factors of 657?
3, 73
What are the prime factors of 14513?
23, 631
What are the prime factors of 1146?
2, 3, 191
List the prime factors of 8658.
2, 3, 13, 37
What are the prime factors of 347?
347
List the prime factors of 43883.
7, 6269
What are the prime factors of 43650?
2, 3, 5, 97
What are the prime factors of 1918?
2, 7, 137
List the prime factors of 19576.
2, 2447
What are the prime factors of 2448?
2, 3, 17
List the prime factors of 2311.
2311
What are the prime factors of 46720?
2, 5, 73
What are the prime factors of 646?
2, 17, 19
List the prime factors of 113346.
2, 3, 2099
What are the prime factors of 1496?
2, 11, 17
List the prime factors of 20643.
3, 7, 983
List the prime factors of 20035.
5, 4007
What are the prime factors of 3954?
2, 3, 659
List the prime factors of 19015.
5, 3803
List the prime factors of 6621.
3, 2207
List the prime factors of 65683.
19, 3457
What are the prime factors of 722?
2, 19
What are the prime factors of 4984?
2, 7, 89
List the prime factors of 7809.
3, 19, 137
List the prime factors of 1308.
2, 3, 109
What are the prime factors of 7370?
2, 5, 11, 67
What are the prime factors of 21841?
21841
What are the prime factors of 1220?
2, 5, 61
List the prime factors of 31881.
3, 10627
What are the prime factors of 3599?
59, 61
List the prime factors of 6027.
3, 7, 41
List the prime factors of 2630.
2, 5, 263
List the prime factors of 33651.
3, 3739
List the prime factors of 975.
3, 5, 13
What are the prime factors of 2454?
2, 3, 409
What are the prime factors of 2831?
19, 149
What are the prime factors of 53945?
5, 10789
What are the prime factors of 10819?
31, 349
What are the prime factors of 2?
2
What are the prime factors of 2022?
2, 3, 337
What are the prime factors of 11321?
11321
What are the prime factors of 23515?
5, 4703
List the prime factors of 87193.
17, 23, 223
What are the prime factors of 52?
2, 13
List the prime factors of 4068.
2, 3, 113
List the prime factors of 67462.
2, 89, 379
What are the prime factors of 27614?
2, 13807
What are the prime factors of 17151?
3, 5717
What are the prime factors of 645?
3, 5, 43
List the prime factors of 8916.
2, 3, 743
What are the prime factors of 128?
2
List the prime factors of 15044.
2, 3761
What are the prime factors of 27066?
2, 3, 13, 347
List the prime factors of 39944.
2, 4993
List the prime factors of 1069.
1069
List the prime factors of 165.
3, 5, 11
List the prime factors of 1300.
2, 5, 13
List the prime factors of 62009.
59, 1051
List the prime factors of 29283.
3, 43, 227
What are the prime factors of 497?
7, 71
What are the prime factors of 349?
349
What are the prime factors of 1190?
2, 5, 7, 17
What are the prime factors of 10003?
7, 1429
What are the prime factors of 1033?
1033
List the prime factors of 3065.
5, 613
List the prime factors of 17468.
2, 11, 397
What are the prime factors of 13825?
5, 7, 79
What are the prime factors of 76174?
2, 7, 5441
List the prime factors of 14434.
2, 7, 1031
What are the prime factors of 29703?
3, 9901
What are the prime factors of 2471?
7, 353
What are the prime factors of 5946?
2, 3, 991
What are the prime factors of 10406?
2, 11, 43
List the prime factors of 12933.
3, 479
List the prime factors of 5651.
5651
What are the prime factors of 14427?
3, 7, 229
List the prime factors of 184.
2, 23
What are the prime factors of 104318?
2, 43, 1213
What are the prime factors of 3139?
43, 73
What are the prime factors of 2388?
2, 3, 199
List the prime factors of 4129.
4129
List the prime factors of 17665.
5, 3533
What are the prime factors of 6062?
2, 7, 433
What are the prime factors of 10628?
2, 2657
What are the prime factors of 40076?
2, 43, 233
What are the prime factors of 2458?
2, 1229
What are the prime factors of 30417?
3, 10139
What are the prime factors of 20601?
3, 7, 109
What are the prime factors of 12675?
3, 5, 13
List the prime factors of 7807.
37, 211
What are the prime factors of 1362?
2, 3, 227
What are the prime factors of 6874?
2, 7, 491
What are the prime factors of 1636?
2, 409
List the prime factors of 105247.
17, 41, 151
List the prime factors of 3899.
7, 557
What are the prime factors of 30984?
2, 3, 1291
List the prime factors of 6083.
7, 11, 79
What are the prime factors of 122463?
3, 11, 1237
List the prime factors of 22604.
2, 5651
List the prime factors of 10970.
2, 5, 1097
What are the prime factors of 2707?
2707
List the prime factors of 893.
19, 47
List the prime factors of 33631.
13, 199
What are the prime factors of 1836?
2, 3, 17
What are the prime factors of 568?
2, 71
What are the prime factors of 22977?
3, 23, 37
What are the prime factors of 3601?
13, 277
List the prime factors of 76.
2, 19
List the prime factors of 141711.
3, 47237
List the prime factors of 495.
3, 5, 11
What are the prime factors of 46020?
2, 3, 5, 13, 59
List the prime factors of 24214.
2, 12107
List the prime factors of 12403.
79, 157
List the prime factors of 108.
2, 3
List the prime factors of 98153.
11, 8923
What are the prime factors of 2306?
2, 1153
What are the prime factors of 36376?
2, 4547
List the prime factors of 7338.
2, 3, 1223
What are the prime factors of 782?
2, 17, 23
What are the prime factors of 1972?
2, 17, 29
List the prime factors of 731.
17, 43
What are the prime factors of 98?
2, 7
What are the prime factors of 3350?
2, 5, 67
What are the prime factors of 37002?
2, 3, 7, 881
List the prime factors of 5152.
2, 7, 23
What are the prime factors of 112?
2, 7
What are the prime factors of 34814?
2, 13, 103
List the prime factors of 54705.
3, 5, 7, 521
List the prime factors of 81708.
2, 3, 11, 619
List the prime factors of 4036.
2, 1009
What are the prime factors of 29482?
2, 14741
List the prime factors of 497.
7, 71
List the prime factors of 51289.
7, 17, 431
List the prime factors of 47013.
3, 15671
What are the prime factors of 15637?
19, 823
What are the prime factors of 425?
5, 17
What are the prime factors of 12761?
7, 1823
List the prime factors of 87078.
2, 3, 23, 631
What are the prime factors of 1052?
2, 263
What are the prime factors of 54674?
2, 27337
What are the prime factors of 4618?
2, 2309
List the prime factors of 62141.
62141
List the prime factors of 76736.
2, 11, 109
List the prime factors of 57381.
3, 31, 617
What are the prime factors of 3161?
29, 109
What are the prime factors of 5341?
7, 109
List the prime factors of 1596.
2, 3, 7, 19
List the prime factors of 7918.
2, 37, 107
What are the prime factors of 3942?
2, 3, 73
List the prime factors of 1143.
3, 127
List the prime factors of 3284.
2, 821
List the prime factors of 65659.
11, 47, 127
List the prime factors of 23495.
5, 37, 127
List the prime factors of 14810.
2, 5, 1481
List the prime factors of 1849.
43
What are the prime factors of 4776?
2, 3, 199
List the prime factors of 3361.
3361
List the prime factors of 75528.
2, 3, 1049
List the prime factors of 4137.
3, 7, 197
List the prime factors of 3653.
13, 281
List the prime factors of 420.
2, 3, 5, 7
What are the prime factors of 1512?
2, 3, 7
What are the prime factors of 13?
13
What are the prime factors of 603?
3, 67
List the prime factors of 428.
2, 107
List the prime factors of 20578.
2, 10289
List the prime factors of 2767.
2767
List the prime factors of 211.
211
What are the prime factors of 14295?
3, 5, 953
What are the prime factors of 30?
2, 3, 5
What are the prime factors of 1745?
5, 349
What are the prime factors of 262?
2, 131
What are the prime factors of 1033?
1033
What are the prime factors of 23313?
3, 19, 409
List the prime factors of 61198.
2, 37, 827
What are the prime factors of 2837?
2837
List the prime factors of 10965.
3, 5, 17, 43
List the prime factors of 1295.
5, 7, 37
List the prime factors of 2866.
2, 1433
What are the prime factors of 4935?
3, 5, 7, 47
List the prime factors of 1669.
1669
List the prime factors of 2837.
2837
List the prime factors of 807.
3, 269
What are the prime factors of 430?
2, 5, 43
List the prime factors of 84.
2, 3, 7
What are the prime factors of 176990?
2, 5, 11, 1609
What are the prime factors of 2542?
2, 31, 41
List the prime fac